= -20*l - 130. Let a be y(-10). Let r = 8 - -2. What is the highest common divisor of r and a?
10
Suppose -2*m + 69 = m. Let g be (8 - (-530)/20)/((-2)/(-8)). What is the highest common factor of g and m?
23
Let t = 358 + -321. What is the highest common factor of 185 and t?
37
Let b(o) = o**3 - 4*o**2 - 31*o + 4. Let w be b(8). Calculate the greatest common divisor of 3 and w.
3
Let p(n) = -8*n - 8. Let g be p(4). Let l = g + 19. Let t = l - -26. Calculate the greatest common divisor of t and 45.
5
Let h be (18 - -390)*5/2. Let l = h + -669. Calculate the greatest common factor of 39 and l.
39
Let k be ((-4)/(-3))/(36/270). Calculate the highest common factor of 50 and k.
10
Let o = -10 + 9. Let n be -9 + (-3)/(4 + o). Let a = n + 58. What is the highest common divisor of a and 6?
6
Let v(b) = -584*b - 264. Let p be v(-3). Calculate the highest common factor of p and 48.
48
Suppose 0 = 3*f - 3*i - 177, -3*f - 23*i = -18*i - 153. What is the highest common divisor of 1330 and f?
14
Let w be -2*(-4)/16*4. Suppose -w*l + 26 = 3*a, 5*l + 0*a - 5*a = 90. Suppose l = -3*s + 4*s. What is the highest common divisor of s and 40?
8
Let f be 2/(-8) + 70/(-8). Let u be (-12)/(-3) - 306/f. Calculate the greatest common divisor of 19 and u.
19
Let h = 980 - 959. What is the highest common divisor of h and 413?
7
Let a(o) = -3*o**2 - 12*o + 32. Let l be a(-4). Calculate the highest common divisor of 80 and l.
16
Suppose -2*v - 60 - 26 = 0. Let u = 54 + v. Let f = 52 + -19. What is the greatest common factor of f and u?
11
Let i(y) = 6*y**2 - 10*y - 8. Let p be i(10). Let w be (-1)/((-20)/p) + 3/(-5). What is the highest common factor of w and 8?
8
Let v(a) = -567*a + 62. Let h be v(-2). Calculate the highest common divisor of 52 and h.
52
Let o = 44 - 30. Let f(d) = d**2 - 4*d - 10. Let z be f(6). Suppose -z*a = -m + 14 - 67, -3*m = -9. Calculate the greatest common divisor of a and o.
14
Let y = 57 - 54. Let k(v) be the first derivative of -v**4/4 - 2*v**3/3 + 3*v**2 + v + 1. Let a be k(-4). Calculate the highest common factor of a and y.
3
Let m = 654 + -640. Let u be ((-20)/(-2))/((-4)/(-22)). Let s be u + 2*1/2. What is the highest common divisor of m and s?
14
Let v = 308 - 187. Let w = v - 80. Calculate the highest common divisor of w and 369.
41
Let k be (-2)/4 + 37/(-2) + -1. Let i be -27*1*k/(-6)*-2. Let g(l) = -7*l - 6. Let n be g(-6). What is the greatest common factor of i and n?
36
Let g(z) = z**3 - 5*z**2 + 4*z - 4. Let o be g(6). Suppose -3*q + 344 = o. Let w = 72 - 48. What is the highest common divisor of q and w?
24
Let c be (3017/(-14))/((-1)/2). Let u = c + -296. What is the highest common divisor of 54 and u?
27
Let f = 31 - 59. Let y = -18 - f. Suppose 94 = c + z, 260 = 3*c + 5*z - 30. Calculate the highest common factor of c and y.
10
Let s be (-3)/(-24) + 79097/184. What is the highest common factor of 50 and s?
10
Suppose 0 = 3*m - 15*m + 4992. Calculate the greatest common divisor of 156 and m.
52
Let f = 251 + -235. Calculate the highest common divisor of 64 and f.
16
Let u be 88/(-6)*(-1 - -4). Let x = u - -203. Suppose -29 = 2*j - x. Calculate the greatest common factor of 26 and j.
13
Let k be (-156)/12*(0 + -1). Let c(p) = p**2 - 11*p - 24. Let v be c(k). What is the highest common factor of v and 4?
2
Let c(l) = 5*l + 0 - 1 + 3*l**2 + l**3 + 4*l**2. Let k be c(-6). Suppose 5*s - 35 = 4*s. Calculate the highest common divisor of s and k.
5
Let n be (-2*1)/(5/(-10)). Calculate the greatest common factor of n and 1.
1
Let a(o) = -75*o + 72. Let w be a(-3). What is the greatest common divisor of 132 and w?
33
Suppose 299*g = 303*g - 540. What is the highest common divisor of g and 27?
27
Let t = 115 + 73. Calculate the greatest common divisor of t and 8.
4
Let o(c) = c**3 + 3 + 1 - 2*c - 3*c. Let m be o(3). Let y(r) = 5*r**2 - 19*r - 8. Let b be y(8). What is the greatest common divisor of m and b?
16
Let v(r) = -r**2 + 15*r - 10. Let q be v(13). Calculate the greatest common divisor of 16 and q.
16
Let g be (-1)/2 - 13/(-2). Let k(i) = 9*i + 217. Let n be k(0). Suppose 0*z + 4*z = -f + n, 4*z - 211 = 5*f. What is the highest common factor of z and g?
6
Suppose -2*x = -4*i + 4, -3*i + 3 = -2*x + 2. Calculate the highest common divisor of x and 404.
4
Let l be ((-3)/(-15) - (-24)/(-20)) + 7. Let j be 3/l*37*(9 + 1). Calculate the highest common divisor of j and 37.
37
Let f(w) = -23*w - 218. Let d be f(-10). What is the highest common factor of d and 372?
12
Suppose 4*i = 4*b - 16, -5*b + 13 = -2*b - 2*i. Suppose b*h + 12 = -2*o + o, 0 = 3*o - 2*h - 32. What is the greatest common factor of o and 8?
8
Suppose 5 = 4*l - 3. Let o = 135 - 117. What is the greatest common divisor of o and l?
2
Suppose 7*d - 1205 = 223. Calculate the greatest common factor of d and 12.
12
Suppose 4*i + 956 = 4*o, 5*o + 5*i + 407 = 1632. Let c = 3921 - 3899. What is the greatest common divisor of c and o?
22
Suppose 23*n = 2*n + 1302. Calculate the greatest common factor of 217 and n.
31
Let v(q) = 3*q**2 - 11*q + 10. Let i be v(5). What is the greatest common divisor of 66 and i?
6
Let b = -28 + 30. Calculate the highest common factor of 22 and b.
2
Let j be (-2 + 154/3)*1023/62. What is the greatest common factor of 148 and j?
74
Let w = 1214 + -1190. Calculate the greatest common factor of 444 and w.
12
Suppose 151 - 526 = -15*w. Let t = -16 + 26. Calculate the highest common factor of t and w.
5
Suppose -195 = s - 4*s. Let j be (-8)/3*-6 + -3. Calculate the greatest common factor of j and s.
13
Let z be 1 + (40/8 - -167) - 3. Calculate the greatest common factor of 30 and z.
10
Let j be 92/20 - 2/(-5). Suppose j*t - 8*q = -3*q - 10, 25 = 5*q. Calculate the greatest common factor of 27 and t.
3
Let x(g) = -g**2 + 6*g - 2. Let j(z) = z**2 - 5*z - 1. Let r be j(6). Let n be x(r). Suppose 2*h - 66 = -0*h. What is the greatest common factor of n and h?
3
Suppose 2*v + 3*v = 155. Let u = v - -1. Suppose -2*m + u = -4*a, -3*a - 4 = 8. What is the highest common factor of m and 88?
8
Let f be ((12300/(-40))/(-41))/(1/2). Calculate the greatest common factor of f and 210.
15
Suppose -u = -2*u + 280. Suppose 0 = -5*l - 9*q + 11*q + 208, 3*l - 136 = 4*q. What is the greatest common divisor of u and l?
40
Let v be ((-1251)/(-45) - 9)/((-4)/(-10)). What is the highest common divisor of 47 and v?
47
Suppose 2*y = -8, -113*w + 5*y - 214 = -115*w. Let u be (22/(-4) - 1)*-2. What is the greatest common divisor of u and w?
13
Suppose -54*w - 1140 = -59*w. Calculate the greatest common divisor of 76 and w.
76
Let f be -130*(13/(-5) + 3). Let y be 2/3 - f/3. Let c be -2 - (-2 - 4/2). What is the greatest common factor of c and y?
2
Suppose -5*l - 94 = -q, 3*q = 2*l + 260 + 35. Let s be 30/4*6/5. What is the greatest common divisor of s and q?
9
Suppose 3 = 2*i - 23. Let c = 19 - i. Let a(n) = n**3 - 5*n**2 - n - 5. Let f be a(c). What is the greatest common divisor of 10 and f?
5
Let b(p) = 4*p - 32. Let m(a) = -a + 11. Let k(v) = 2*b(v) + 7*m(v). Let d be k(-6). Let z be d*(1 + -3 + 3). Calculate the greatest common divisor of 63 and z.
7
Suppose 4*x - 12 = -0*x. Suppose i + x*v - 87 = -i, 0 = 3*v - 15. Let d be (4 - i/8)*-8. Calculate the greatest common factor of d and 36.
4
Let y(i) = -i**3 + 6*i**2 + 2*i - 4. Let f be (-7 - -2)/((-5)/5). Suppose -f - 3 = -2*t. Let m be y(t). What is the highest common divisor of 12 and m?
12
Let i(l) = -l + 2. Let r be i(3). Suppose 2*c = 8*c - 18. Let b be ((-1)/r)/(c/33). What is the highest common factor of 1 and b?
1
Suppose -6*h = -3*h - 924. Calculate the greatest common factor of 28 and h.
28
Let p(m) = -m**3 - 11*m**2 + 11*m - 43. Let q be p(-13). Calculate the highest common factor of q and 57.
19
Let c = -16 + 52. Let d = 451 + -343. What is the greatest common factor of c and d?
36
Suppose 2*c - 4*u - 12 = -c, 3 = -c - u. Suppose -5*z - 19 + 124 = c. Calculate the highest common factor of 3 and z.
3
Suppose -85 = -5*o + 45. Let b(z) = z**3 - 7*z**2 - 8*z - 12. Let j be b(9). Let a be 2/(((-2)/j)/(-1)). Calculate the highest common factor of a and o.
26
Let w = -927 + 956. What is the greatest common factor of w and 377?
29
Let b(w) = -2*w + 25. Let s = -5 - -5. Let l be b(s). Let c = -21 + l. Calculate the highest 